 the tens digit of 3001046187?
8
What is the ten millions digit of 37456982?
3
What is the tens digit of 841926975?
7
What is the ten thousands digit of 441875087?
7
What is the ten millions digit of 30015969?
3
What is the units digit of 17626478?
8
What is the tens digit of 38131881?
8
What is the thousands digit of 125056046?
6
What is the hundreds digit of 18783533?
5
What is the thousands digit of 51856853?
6
What is the units digit of 41592078?
8
What is the hundred millions digit of 437240666?
4
What is the ten millions digit of 18572533?
1
What is the units digit of 3976163942?
2
What is the ten thousands digit of 69010702?
1
What is the ten millions digit of 194643199?
9
What is the thousands digit of 812382311?
2
What is the millions digit of 769352056?
9
What is the hundred millions digit of 6794417299?
7
What is the thousands digit of 89931265?
1
What is the millions digit of 179520339?
9
What is the ten millions digit of 18792861?
1
What is the millions digit of 423863164?
3
What is the thousands digit of 45311894?
1
What is the tens digit of 88724427?
2
What is the hundreds digit of 19575810?
8
What is the ten millions digit of 177850226?
7
What is the tens digit of 253836506?
0
What is the millions digit of 330704532?
0
What is the billions digit of 1306174345?
1
What is the thousands digit of 144301642?
1
What is the tens digit of 33966219?
1
What is the hundreds digit of 7215394016?
0
What is the millions digit of 363262993?
3
What is the millions digit of 1002002499?
2
What is the millions digit of 975332021?
5
What is the ten thousands digit of 1553738340?
3
What is the ten millions digit of 1565628021?
6
What is the hundred thousands digit of 93943641?
9
What is the ten thousands digit of 108313852?
1
What is the tens digit of 424700280?
8
What is the billions digit of 1023347952?
1
What is the billions digit of 1108869700?
1
What is the hundreds digit of 260586961?
9
What is the tens digit of 7749296?
9
What is the billions digit of 3226156455?
3
What is the hundred millions digit of 4648794536?
6
What is the tens digit of 4833036606?
0
What is the hundred thousands digit of 14564575?
5
What is the ten thousands digit of 320167222?
6
What is the tens digit of 42695255?
5
What is the ten millions digit of 142907291?
4
What is the millions digit of 77172143?
7
What is the hundred millions digit of 485430120?
4
What is the hundreds digit of 179256283?
2
What is the units digit of 5638281722?
2
What is the hundred thousands digit of 6524932427?
9
What is the billions digit of 2151148542?
2
What is the thousands digit of 467971652?
1
What is the units digit of 9927334?
4
What is the units digit of 43251755?
5
What is the hundred thousands digit of 1564721127?
7
What is the tens digit of 18208582?
8
What is the hundreds digit of 428525471?
4
What is the hundreds digit of 2237956?
9
What is the hundreds digit of 5219035949?
9
What is the millions digit of 89682766?
9
What is the units digit of 47585703?
3
What is the tens digit of 413312087?
8
What is the tens digit of 6934701?
0
What is the hundred thousands digit of 1543456632?
4
What is the millions digit of 258497402?
8
What is the ten thousands digit of 64645780?
4
What is the hundreds digit of 9038005?
0
What is the ten millions digit of 54828817?
5
What is the hundreds digit of 236384786?
7
What is the units digit of 1562698356?
6
What is the ten thousands digit of 619388956?
8
What is the hundreds digit of 3505551806?
8
What is the millions digit of 90398552?
0
What is the billions digit of 4620738456?
4
What is the ten thousands digit of 180655423?
5
What is the ten millions digit of 27063320?
2
What is the tens digit of 98220422?
2
What is the thousands digit of 279056405?
6
What is the ten thousands digit of 75894492?
9
What is the millions digit of 201404238?
1
What is the units digit of 24737709?
9
What is the ten millions digit of 619349823?
1
What is the hundred thousands digit of 2843368056?
3
What is the units digit of 2706590266?
6
What is the hundred millions digit of 612477808?
6
What is the hundred thousands digit of 1200233465?
2
What is the ten thousands digit of 77503487?
0
What is the ten thousands digit of 1257057983?
5
What is the ten millions digit of 4529074998?
2
What is the millions digit of 55133827?
5
What is the hundred millions digit of 1908347687?
9
What is the ten thousands digit of 183369240?
6
What is the tens digit of 5358389539?
3
What is the ten thousands digit of 39313101?
1
What is the hundred thousands digit of 2806759090?
7
What is the tens digit of 17787042?
4
What is the thousands digit of 147452641?
2
What is the thousands digit of 1874386769?
6
What is the tens digit of 230326031?
3
What is the millions digit of 29783008?
9
What is the hundreds digit of 578282154?
1
What is the thousands digit of 582549288?
9
What is the units digit of 21899243?
3
What is the ten millions digit of 53685511?
5
What is the tens digit of 36359768?
6
What is the hundreds digit of 23421171?
1
What is the millions digit of 23052045?
3
What is the ten thousands digit of 100159443?
5
What is the units digit of 48661892?
2
What is the units digit of 176969947?
7
What is the hundreds digit of 93442907?
9
What is the millions digit of 386209977?
6
What is the hundreds digit of 68410576?
5
What is the ten thousands digit of 26091131?
9
What is the thousands digit of 2185992218?
2
What is the hundreds digit of 23743394?
3
What is the hundred thousands digit of 231732750?
7
What is the hundred thousands digit of 416716407?
7
What is the ten millions digit of 5589731128?
8
What is the thousands digit of 2348637408?
7
What is the hundred thousands digit of 1498747007?
7
What is the millions digit of 413382134?
3
What is the ten millions digit of 880526085?
8
What is the hundred millions digit of 131546052?
1
What is the hundred millions digit of 2947377831?
9
What is the millions digit of 1118114566?
8
What is the thousands digit of 378557630?
7
What is the hundred millions digit of 1456739203?
4
What is the millions digit of 1231516532?
1
What is the ten thousands digit of 97860479?
6
What is the ten thousands digit of 190265430?
6
What is the hundred thousands digit of 1321695050?
6
What is the thousands digit of 1351723902?
3
What is the thousands digit of 1005559440?
9
What is the ten millions digit of 820746678?
2
What is the millions digit of 70262760?
0
What is the hundreds digit of 18846912?
9
What is the units digit of 2831974787?
7
What is the hundred thousands digit of 8033698278?
6
What is the thousands digit of 242999700?
9
What is the thousands digit of 405317097?
7
What is the thousands digit of 3845160876?
0
What is the millions digit of 2285261474?
5
What is the millions digit of 1366712618?
6
What is the hundreds digit of 143082075?
0
What is the millions digit of 47499455?
7
What is the units digit of 32773185?
5
What is the ten millions digit of 465010965?
6
What is the millions digit of 7369451829?
9
What is the hundred millions digit of 187423501?
1
What is the ten thousands digit of 268159214?
5
What is the hundred millions digit of 158396996?
1
What is the millions digit of 372408556?
2
What is the ten thousands digit of 942078436?
7
What is the ten millions digit of 1089981903?
8
What is the billions digit of 5590123381?
5
What is the tens digit of 974744996?
9
What is the ten millions digit of 156453776?
5
What is the billions digit of 1307232291?
1
What is the units digit of 39361895?
5
What is the millions digit of 347259566?
7
What is the hundred thousands digit of 46303095?
3
What is the units digit of 26347704?
4
What is the tens digit of 6815480479?
7
What is the hundreds digit of 1316890216?
2
What is the thousands digit of 82568056?
8
What is the millions digit of 12646779?
2
What is the ten thousands digit of 1170241095?
4
What is the thousands digit of 3051955724?
5
What is the hundreds digit of 738843395?
3
What is the thousands digit of 37512589?
2
What is the hundred millions digit of 313316767?
3
What is the ten thousands digit of 61865838?
6
What is the thousands digit of 1785350869?
0
What is the thousands digit of 123475450?
5
What is the ten millions digit of 1358651124?
5
What is the hundred thousands digit of 140